{"id":159,"date":"2021-03-10T10:12:20","date_gmt":"2021-03-10T09:12:20","guid":{"rendered":"http:\/\/wordpress\/?page_id=159"},"modified":"2021-04-11T08:59:17","modified_gmt":"2021-04-11T06:59:17","slug":"suechte","status":"publish","type":"page","link":"https:\/\/anna-nitsche-sht-mastercoach.de\/index.php\/suechte\/","title":{"rendered":"Suchtaufl\u00f6sung"},"content":{"rendered":"\n<p class=\"has-drop-cap\">Der Ausl\u00f6ser f\u00fcr S\u00fcchte sitzt tief im Unterbewusstsein.<\/p>\n\n\n\n<p>Nicht immer schafft man es selbst, davon loszukommen.<\/p>\n\n\n\n<p>                         <\/p>\n\n\n\n<p><\/p>\n\n\n\n<p>Ich helfe Dir mit unterschiedlichen Techniken frei von jeglichen S\u00fcchten zu werden z.B. &nbsp; <\/p>\n\n\n\n<ul class=\"wp-block-list\"><li>Nikotin <\/li><li>S\u00fcsses <\/li><li>Konsumsucht <\/li><li>Arbeitssucht<\/li><li>&#8230;&#8230;&#8230;. &nbsp; <\/li><\/ul>\n\n\n\n<p>damit Du ein suchtfreies und selbstbestimmtes Leben f\u00fchren kannst. &nbsp;<\/p>\n\n\n\n<p>Vorrausgesetzt: Du m\u00f6chtest es wirklich!<\/p>\n","protected":false},"excerpt":{"rendered":"<p>Der Ausl\u00f6ser f\u00fcr S\u00fcchte sitzt tief im Unterbewusstsein. Nicht immer schafft man es selbst, davon loszukommen. Ich helfe Dir mit&hellip;<\/p>\n","protected":false},"author":1,"featured_media":436,"parent":0,"menu_order":0,"comment_status":"closed","ping_status":"closed","template":"","meta":{"footnotes":""},"class_list":["post-159","page","type-page","status-publish","has-post-thumbnail","hentry"],"_links":{"self":[{"href":"https:\/\/anna-nitsche-sht-mastercoach.de\/index.php\/wp-json\/wp\/v2\/pages\/159","targetHints":{"allow":["GET"]}}],"collection":[{"href":"https:\/\/anna-nitsche-sht-mastercoach.de\/index.php\/wp-json\/wp\/v2\/pages"}],"about":[{"href":"https:\/\/anna-nitsche-sht-mastercoach.de\/index.php\/wp-json\/wp\/v2\/types\/page"}],"author":[{"embeddable":true,"href":"https:\/\/anna-nitsche-sht-mastercoach.de\/index.php\/wp-json\/wp\/v2\/users\/1"}],"replies":[{"embeddable":true,"href":"https:\/\/anna-nitsche-sht-mastercoach.de\/index.php\/wp-json\/wp\/v2\/comments?post=159"}],"version-history":[{"count":12,"href":"https:\/\/anna-nitsche-sht-mastercoach.de\/index.php\/wp-json\/wp\/v2\/pages\/159\/revisions"}],"predecessor-version":[{"id":438,"href":"https:\/\/anna-nitsche-sht-mastercoach.de\/index.php\/wp-json\/wp\/v2\/pages\/159\/revisions\/438"}],"wp:featuredmedia":[{"embeddable":true,"href":"https:\/\/anna-nitsche-sht-mastercoach.de\/index.php\/wp-json\/wp\/v2\/media\/436"}],"wp:attachment":[{"href":"https:\/\/anna-nitsche-sht-mastercoach.de\/index.php\/wp-json\/wp\/v2\/media?parent=159"}],"curies":[{"name":"wp","href":"https:\/\/api.w.org\/{rel}","templated":true}]}}