{"id":153,"date":"2021-03-10T10:11:25","date_gmt":"2021-03-10T09:11:25","guid":{"rendered":"http:\/\/wordpress\/?page_id=153"},"modified":"2021-03-27T11:32:31","modified_gmt":"2021-03-27T10:32:31","slug":"geistiges-heilen","status":"publish","type":"page","link":"https:\/\/anna-nitsche-sht-mastercoach.de\/index.php\/geistiges-heilen\/","title":{"rendered":"Geistiges Heilen"},"content":{"rendered":"\n<p class=\"has-drop-cap\">Geistiges Heilen bedeutet, dass der Heiler heilende Energie, Liebe, aufnimmt und durch seine H\u00e4nde auf den Klienten \u00fcbertr\u00e4gt und somit einen Selbstheilungsprozess in Gang setzt. \u00a0 <\/p>\n\n\n\n<p><\/p>\n\n\n\n<p>Der Grundgedanke ist, Dich daran zu erinnern, dass Du in Deinem Kern <strong>vollkommen<\/strong> und<strong> heil<\/strong> bist.<\/p>\n","protected":false},"excerpt":{"rendered":"<p>Geistiges Heilen bedeutet, dass der Heiler heilende Energie, Liebe, aufnimmt und durch seine H\u00e4nde auf den Klienten \u00fcbertr\u00e4gt und somit&hellip;<\/p>\n","protected":false},"author":1,"featured_media":313,"parent":0,"menu_order":0,"comment_status":"closed","ping_status":"closed","template":"","meta":{"footnotes":""},"class_list":["post-153","page","type-page","status-publish","has-post-thumbnail","hentry"],"_links":{"self":[{"href":"https:\/\/anna-nitsche-sht-mastercoach.de\/index.php\/wp-json\/wp\/v2\/pages\/153","targetHints":{"allow":["GET"]}}],"collection":[{"href":"https:\/\/anna-nitsche-sht-mastercoach.de\/index.php\/wp-json\/wp\/v2\/pages"}],"about":[{"href":"https:\/\/anna-nitsche-sht-mastercoach.de\/index.php\/wp-json\/wp\/v2\/types\/page"}],"author":[{"embeddable":true,"href":"https:\/\/anna-nitsche-sht-mastercoach.de\/index.php\/wp-json\/wp\/v2\/users\/1"}],"replies":[{"embeddable":true,"href":"https:\/\/anna-nitsche-sht-mastercoach.de\/index.php\/wp-json\/wp\/v2\/comments?post=153"}],"version-history":[{"count":5,"href":"https:\/\/anna-nitsche-sht-mastercoach.de\/index.php\/wp-json\/wp\/v2\/pages\/153\/revisions"}],"predecessor-version":[{"id":423,"href":"https:\/\/anna-nitsche-sht-mastercoach.de\/index.php\/wp-json\/wp\/v2\/pages\/153\/revisions\/423"}],"wp:featuredmedia":[{"embeddable":true,"href":"https:\/\/anna-nitsche-sht-mastercoach.de\/index.php\/wp-json\/wp\/v2\/media\/313"}],"wp:attachment":[{"href":"https:\/\/anna-nitsche-sht-mastercoach.de\/index.php\/wp-json\/wp\/v2\/media?parent=153"}],"curies":[{"name":"wp","href":"https:\/\/api.w.org\/{rel}","templated":true}]}}